{"id":1090,"date":"2020-07-03T04:41:19","date_gmt":"2020-07-03T04:41:19","guid":{"rendered":"https:\/\/colegiolasalle.edu.mx\/primaria\/?page_id=1090"},"modified":"2020-07-03T04:41:19","modified_gmt":"2020-07-03T04:41:19","slug":"lista-de-utiles-escolares","status":"publish","type":"page","link":"https:\/\/colegiolasalle.edu.mx\/primaria\/lista-de-utiles-escolares\/","title":{"rendered":"Lista de \u00fatiles escolares"},"content":{"rendered":"<div class=\"fusion-fullwidth fullwidth-box fusion-builder-row-1 fusion-flex-container hundred-percent-fullwidth non-hundred-percent-height-scrolling\" style=\"--awb-border-radius-top-left:0px;--awb-border-radius-top-right:0px;--awb-border-radius-bottom-right:0px;--awb-border-radius-bottom-left:0px;--awb-flex-wrap:wrap;\" ><div class=\"fusion-builder-row fusion-row fusion-flex-align-items-flex-start fusion-flex-content-wrap\" style=\"width:104% !important;max-width:104% !important;margin-left: calc(-4% \/ 2 );margin-right: calc(-4% \/ 2 );\"><div class=\"fusion-layout-column fusion_builder_column fusion-builder-column-0 fusion_builder_column_1_1 1_1 fusion-flex-column\" style=\"--awb-bg-size:cover;--awb-width-large:100%;--awb-margin-top-large:0px;--awb-spacing-right-large:1.92%;--awb-margin-bottom-large:20px;--awb-spacing-left-large:1.92%;--awb-width-medium:100%;--awb-spacing-right-medium:1.92%;--awb-spacing-left-medium:1.92%;--awb-width-small:100%;--awb-spacing-right-small:1.92%;--awb-spacing-left-small:1.92%;\"><div class=\"fusion-column-wrapper fusion-column-has-shadow fusion-flex-justify-content-flex-start fusion-content-layout-column\"><style type='text\/css'>.reading-box-container-1 .element-bottomshadow:before,.reading-box-container-1 .element-bottomshadow:after{opacity:0.70;}<\/style><div class=\"fusion-reading-box-container reading-box-container-1 fusion-animated\" style=\"--awb-title-color:#333333;--awb-margin-top:0px;--awb-margin-bottom:84px;\" data-animationType=\"bounceInLeft\" data-animationDuration=\"0.3\" data-animationOffset=\"top-into-view\"><div class=\"reading-box reading-box-center element-bottomshadow\" style=\"background-color:#002316;border-width:0px;border-color:#f6f6f6;border-bottom-width:3px;border-bottom-color:var(--primary_color);border-style:solid;\"><div class=\"reading-box-additional\">\n<p style=\"font-size: 25px;line-height: 40px;letter-spacing: normal\" data-fusion-font=\"true\" data-fusion-google-font=\"Sunflower\" data-fusion-google-variant=\"300\" data-fusion-google-subset=\"latin\"><span style=\"font-family: Sunflower;font-size: 34px\" data-fusion-font=\"true\"> <span style=\"color: #ffffff;font-size: 25px;font-family: 'Coming Soon'\" data-fusion-font=\"true\" data-fusion-google-font=\"Coming Soon\" data-fusion-google-variant=\"400\" data-fusion-google-subset=\"latin\"><i class=\"fa fa-book\"><\/i><\/span><\/span><span style=\"font-style: var(--body_typography-font-style,normal)\"><font face=\"Font Awesome 5 Free\"><b> <\/b><\/font><\/span><span style=\"font-family: 'Coming Soon';font-style: var(--body_typography-font-style,normal);font-weight: var(--body_typography-font-weight)\">Conoce m\u00e1s sobre como realizar tu pedido de \u00fatiles en la Circular venta \u00fatiles y libros 2020-2021<\/span><\/p>\n<\/div><div class=\"fusion-clearfix\"><\/div><a class=\"button fusion-button button-default fusion-button-large button-large button-flat fusion-mobile-button continue-center\" style=\"-webkit-box-shadow:none;-moz-box-shadow:none;box-shadow:none;border-radius:  \" href=\"http:\/\/34.134.90.17\/primaria\/wp-content\/uploads\/sites\/2\/2020\/07\/Circular-venta-utiles-y-libros-2020-2021.pdf\" target=\"_self\"><span>CONOCE M\u00c1S<\/span><\/a><\/div><\/div><\/div><\/div><div class=\"fusion-layout-column fusion_builder_column fusion-builder-column-1 fusion_builder_column_1_3 1_3 fusion-flex-column\" style=\"--awb-overflow:hidden;--awb-bg-size:cover;--awb-border-radius:20px 20px 20px 20px;--awb-width-large:33.333333333333%;--awb-margin-top-large:0px;--awb-spacing-right-large:5.76%;--awb-margin-bottom-large:0px;--awb-spacing-left-large:5.76%;--awb-width-medium:33.333333333333%;--awb-spacing-right-medium:5.76%;--awb-spacing-left-medium:5.76%;--awb-width-small:100%;--awb-spacing-right-small:1.92%;--awb-spacing-left-small:1.92%;\"><div class=\"fusion-column-wrapper fusion-column-has-shadow fusion-flex-justify-content-flex-start fusion-content-layout-column\"><style type='text\/css'>.reading-box-container-2 .element-bottomshadow:before,.reading-box-container-2 .element-bottomshadow:after{opacity:0.70;}<\/style><div class=\"fusion-reading-box-container reading-box-container-2 fusion-animated\" style=\"--awb-title-color:#333333;--awb-margin-top:0px;--awb-margin-bottom:84px;\" data-animationType=\"bounceInLeft\" data-animationDuration=\"0.3\" data-animationOffset=\"top-into-view\"><div class=\"reading-box reading-box-center element-bottomshadow\" style=\"background-color:#ff3f3f;border-width:0px;border-color:#f6f6f6;border-bottom-width:3px;border-bottom-color:var(--primary_color);border-style:solid;\"><div class=\"reading-box-additional\">\n<p style=\"font-size: 25px;line-height: 40px;letter-spacing: normal;font-family: Sunflower;color: #ffffff\" data-fusion-font=\"true\" data-fusion-google-font=\"Sunflower\" data-fusion-google-variant=\"300\" data-fusion-google-subset=\"latin\"><span style=\"font-size: 34px\" data-fusion-font=\"true\"> <span style=\"color: #ffffff;font-size: 25px;font-family: 'Coming Soon'\" data-fusion-font=\"true\" data-fusion-google-font=\"Coming Soon\" data-fusion-google-variant=\"400\" data-fusion-google-subset=\"latin\"><i class=\"fa fa-book\"><\/i>  Lista de \u00datiles Primaria<\/span><\/span><\/p>\n<p style=\"font-size: 25px;line-height: 40px;letter-spacing: normal;font-family: Sunflower;color: #ffffff\" data-fusion-font=\"true\" data-fusion-google-font=\"Sunflower\" data-fusion-google-variant=\"300\" data-fusion-google-subset=\"latin\"><span style=\"font-family: 'Coming Soon';font-style: var(--body_typography-font-style,normal);font-weight: var(--body_typography-font-weight)\">Primer A\u00f1o<\/span><\/p>\n<\/div><div class=\"fusion-clearfix\"><\/div><a class=\"button fusion-button button-default fusion-button-large button-large button-flat fusion-mobile-button continue-center\" style=\"-webkit-box-shadow:none;-moz-box-shadow:none;box-shadow:none;border-radius:  \" href=\"http:\/\/34.134.90.17\/primaria\/wp-content\/uploads\/sites\/2\/2020\/07\/utiles_primaria_1ro-1.xlsx\" target=\"_self\"><span>CONOCE M\u00c1S<\/span><\/a><\/div><\/div><\/div><\/div><div class=\"fusion-layout-column fusion_builder_column fusion-builder-column-2 fusion_builder_column_1_3 1_3 fusion-flex-column\" style=\"--awb-overflow:hidden;--awb-bg-size:cover;--awb-border-radius:20px 20px 20px 20px;--awb-width-large:33.333333333333%;--awb-margin-top-large:0px;--awb-spacing-right-large:5.76%;--awb-margin-bottom-large:0px;--awb-spacing-left-large:5.76%;--awb-width-medium:33.333333333333%;--awb-spacing-right-medium:5.76%;--awb-spacing-left-medium:5.76%;--awb-width-small:100%;--awb-spacing-right-small:1.92%;--awb-spacing-left-small:1.92%;\"><div class=\"fusion-column-wrapper fusion-column-has-shadow fusion-flex-justify-content-flex-start fusion-content-layout-column\"><style type='text\/css'>.reading-box-container-3 .element-bottomshadow:before,.reading-box-container-3 .element-bottomshadow:after{opacity:0.70;}<\/style><div class=\"fusion-reading-box-container reading-box-container-3 fusion-animated\" style=\"--awb-title-color:#333333;--awb-margin-top:0px;--awb-margin-bottom:84px;\" data-animationType=\"bounceInLeft\" data-animationDuration=\"0.3\" data-animationOffset=\"top-into-view\"><div class=\"reading-box reading-box-center element-bottomshadow\" style=\"background-color:#ffc107;border-width:0px;border-color:#f6f6f6;border-bottom-width:3px;border-bottom-color:var(--primary_color);border-style:solid;\"><div class=\"reading-box-additional\">\n<p style=\"font-size: 25px;line-height: 40px;letter-spacing: normal;font-family: Sunflower;color: #ffffff\" data-fusion-font=\"true\" data-fusion-google-font=\"Sunflower\" data-fusion-google-variant=\"300\" data-fusion-google-subset=\"latin\"><span style=\"font-size: 34px\" data-fusion-font=\"true\"> <span style=\"color: #ffffff;font-size: 25px;font-family: 'Coming Soon'\" data-fusion-font=\"true\" data-fusion-google-font=\"Coming Soon\" data-fusion-google-variant=\"400\" data-fusion-google-subset=\"latin\"><i class=\"fa fa-book\"><\/i>  Lista de \u00datiles Primaria <\/span><\/span><\/p>\n<p style=\"font-size: 25px;line-height: 40px;letter-spacing: normal;font-family: Sunflower;color: #ffffff\" data-fusion-font=\"true\" data-fusion-google-font=\"Sunflower\" data-fusion-google-variant=\"300\" data-fusion-google-subset=\"latin\"><span style=\"font-size: 34px\" data-fusion-font=\"true\"><span style=\"color: #ffffff;font-size: 25px;font-family: 'Coming Soon'\" data-fusion-font=\"true\" data-fusion-google-font=\"Coming Soon\" data-fusion-google-variant=\"400\" data-fusion-google-subset=\"latin\"><span style=\"font-style: var(--body_typography-font-style,normal);font-weight: var(--body_typography-font-weight);letter-spacing: var(--body_typography-letter-spacing)\">Segundo A\u00f1o<\/span><br \/><\/span><\/span><\/p>\n<\/p>\n<\/div><div class=\"fusion-clearfix\"><\/div><a class=\"button fusion-button button-default fusion-button-large button-large button-flat fusion-mobile-button continue-center\" style=\"-webkit-box-shadow:none;-moz-box-shadow:none;box-shadow:none;border-radius:  \" href=\"http:\/\/34.134.90.17\/primaria\/wp-content\/uploads\/sites\/2\/2020\/07\/utiles_primaria_2do-1.xlsx\" target=\"_self\"><span>CONOCE M\u00c1S<\/span><\/a><\/div><\/div><\/div><\/div><div class=\"fusion-layout-column fusion_builder_column fusion-builder-column-3 fusion_builder_column_1_3 1_3 fusion-flex-column\" style=\"--awb-overflow:hidden;--awb-bg-size:cover;--awb-border-radius:20px 20px 20px 20px;--awb-width-large:33.333333333333%;--awb-margin-top-large:0px;--awb-spacing-right-large:5.76%;--awb-margin-bottom-large:0px;--awb-spacing-left-large:5.76%;--awb-width-medium:33.333333333333%;--awb-spacing-right-medium:5.76%;--awb-spacing-left-medium:5.76%;--awb-width-small:100%;--awb-spacing-right-small:1.92%;--awb-spacing-left-small:1.92%;\"><div class=\"fusion-column-wrapper fusion-column-has-shadow fusion-flex-justify-content-flex-start fusion-content-layout-column\"><style type='text\/css'>.reading-box-container-4 .element-bottomshadow:before,.reading-box-container-4 .element-bottomshadow:after{opacity:0.70;}<\/style><div class=\"fusion-reading-box-container reading-box-container-4 fusion-animated\" style=\"--awb-title-color:#333333;--awb-margin-top:0px;--awb-margin-bottom:84px;\" data-animationType=\"bounceInLeft\" data-animationDuration=\"0.3\" data-animationOffset=\"top-into-view\"><div class=\"reading-box reading-box-center element-bottomshadow\" style=\"background-color:#297720;border-width:0px;border-color:#f6f6f6;border-bottom-width:3px;border-bottom-color:var(--primary_color);border-style:solid;\"><div class=\"reading-box-additional\">\n<p style=\"font-size: 25px;line-height: 40px;letter-spacing: normal;font-family: Sunflower;color: #ffffff\" data-fusion-font=\"true\" data-fusion-google-font=\"Sunflower\" data-fusion-google-variant=\"300\" data-fusion-google-subset=\"latin\"><span style=\"font-size: 34px\" data-fusion-font=\"true\"> <span style=\"color: #ffffff;font-size: 25px;font-family: 'Coming Soon'\" data-fusion-font=\"true\" data-fusion-google-font=\"Coming Soon\" data-fusion-google-variant=\"400\" data-fusion-google-subset=\"latin\"><i class=\"fa fa-book\"><\/i>  Lista de \u00datiles Primaria <br \/><\/span><\/span><\/p>\n<p><span style=\"font-size: 34px\" data-fusion-font=\"true\"><span style=\"color: #ffffff;font-size: 25px;font-family: 'Coming Soon'\" data-fusion-font=\"true\" data-fusion-google-font=\"Coming Soon\" data-fusion-google-variant=\"400\" data-fusion-google-subset=\"latin\">Tercer A\u00f1o<\/span><\/span><\/p>\n<\/p>\n<\/div><div class=\"fusion-clearfix\"><\/div><a class=\"button fusion-button button-default fusion-button-large button-large button-flat fusion-mobile-button continue-center\" style=\"-webkit-box-shadow:none;-moz-box-shadow:none;box-shadow:none;border-radius:  \" href=\"http:\/\/34.134.90.17\/primaria\/wp-content\/uploads\/sites\/2\/2020\/07\/utiles_primaria_3ro-1.xlsx\" target=\"_self\"><span>CONOCE M\u00c1S<\/span><\/a><\/div><\/div><\/div><\/div><div class=\"fusion-layout-column fusion_builder_column fusion-builder-column-4 fusion_builder_column_1_3 1_3 fusion-flex-column\" style=\"--awb-overflow:hidden;--awb-bg-size:cover;--awb-border-radius:20px 20px 20px 20px;--awb-width-large:33.333333333333%;--awb-margin-top-large:0px;--awb-spacing-right-large:5.76%;--awb-margin-bottom-large:0px;--awb-spacing-left-large:5.76%;--awb-width-medium:33.333333333333%;--awb-spacing-right-medium:5.76%;--awb-spacing-left-medium:5.76%;--awb-width-small:100%;--awb-spacing-right-small:1.92%;--awb-spacing-left-small:1.92%;\"><div class=\"fusion-column-wrapper fusion-column-has-shadow fusion-flex-justify-content-flex-start fusion-content-layout-column\"><style type='text\/css'>.reading-box-container-5 .element-bottomshadow:before,.reading-box-container-5 .element-bottomshadow:after{opacity:0.70;}<\/style><div class=\"fusion-reading-box-container reading-box-container-5 fusion-animated\" style=\"--awb-title-color:#333333;--awb-margin-top:0px;--awb-margin-bottom:84px;\" data-animationType=\"bounceInLeft\" data-animationDuration=\"0.3\" data-animationOffset=\"top-into-view\"><div class=\"reading-box reading-box-center element-bottomshadow\" style=\"background-color:#2a1e7a;border-width:0px;border-color:#f6f6f6;border-bottom-width:3px;border-bottom-color:var(--primary_color);border-style:solid;\"><div class=\"reading-box-additional\">\n<p style=\"font-size: 25px;line-height: 40px;letter-spacing: normal;font-family: Sunflower;color: #ffffff\" data-fusion-font=\"true\" data-fusion-google-font=\"Sunflower\" data-fusion-google-variant=\"300\" data-fusion-google-subset=\"latin\"><span style=\"font-size: 34px\" data-fusion-font=\"true\"> <span style=\"color: #ffffff;font-size: 25px;font-family: 'Coming Soon'\" data-fusion-font=\"true\" data-fusion-google-font=\"Coming Soon\" data-fusion-google-variant=\"400\" data-fusion-google-subset=\"latin\"><i class=\"fa fa-book\"><\/i>  Lista de \u00datiles Primaria <br \/><\/span><\/span><\/p>\n<p><span style=\"font-size: 34px\" data-fusion-font=\"true\"><span style=\"color: #ffffff;font-size: 25px;font-family: 'Coming Soon'\" data-fusion-font=\"true\" data-fusion-google-font=\"Coming Soon\" data-fusion-google-variant=\"400\" data-fusion-google-subset=\"latin\">Cuarto A\u00f1o<\/span><\/span><\/p>\n<\/p>\n<\/div><div class=\"fusion-clearfix\"><\/div><a class=\"button fusion-button button-default fusion-button-large button-large button-flat fusion-mobile-button continue-center\" style=\"-webkit-box-shadow:none;-moz-box-shadow:none;box-shadow:none;border-radius:  \" href=\"http:\/\/34.134.90.17\/primaria\/wp-content\/uploads\/sites\/2\/2020\/07\/utiles_primaria_4to.xlsx\" target=\"_self\"><span>CONOCE M\u00c1S<\/span><\/a><\/div><\/div><\/div><\/div><div class=\"fusion-layout-column fusion_builder_column fusion-builder-column-5 fusion_builder_column_1_3 1_3 fusion-flex-column\" style=\"--awb-overflow:hidden;--awb-bg-size:cover;--awb-border-radius:20px 20px 20px 20px;--awb-width-large:33.333333333333%;--awb-margin-top-large:0px;--awb-spacing-right-large:5.76%;--awb-margin-bottom-large:0px;--awb-spacing-left-large:5.76%;--awb-width-medium:33.333333333333%;--awb-spacing-right-medium:5.76%;--awb-spacing-left-medium:5.76%;--awb-width-small:100%;--awb-spacing-right-small:1.92%;--awb-spacing-left-small:1.92%;\"><div class=\"fusion-column-wrapper fusion-column-has-shadow fusion-flex-justify-content-flex-start fusion-content-layout-column\"><style type='text\/css'>.reading-box-container-6 .element-bottomshadow:before,.reading-box-container-6 .element-bottomshadow:after{opacity:0.70;}<\/style><div class=\"fusion-reading-box-container reading-box-container-6 fusion-animated\" style=\"--awb-title-color:#333333;--awb-margin-top:0px;--awb-margin-bottom:84px;\" data-animationType=\"bounceInLeft\" data-animationDuration=\"0.3\" data-animationOffset=\"top-into-view\"><div class=\"reading-box reading-box-center element-bottomshadow\" style=\"background-color:#6f2077;border-width:0px;border-color:#f6f6f6;border-bottom-width:3px;border-bottom-color:var(--primary_color);border-style:solid;\"><div class=\"reading-box-additional\">\n<p style=\"font-size: 25px;line-height: 40px;letter-spacing: normal;font-family: Sunflower;color: #ffffff\" data-fusion-font=\"true\" data-fusion-google-font=\"Sunflower\" data-fusion-google-variant=\"300\" data-fusion-google-subset=\"latin\"><span style=\"font-size: 34px\" data-fusion-font=\"true\"> <span style=\"color: #ffffff;font-size: 25px;font-family: 'Coming Soon'\" data-fusion-font=\"true\" data-fusion-google-font=\"Coming Soon\" data-fusion-google-variant=\"400\" data-fusion-google-subset=\"latin\"><i class=\"fa fa-book\"><\/i>  Lista de \u00datiles Primaria <br \/><\/span><\/span><\/p>\n<p><span style=\"font-size: 34px\" data-fusion-font=\"true\"><span style=\"color: #ffffff;font-size: 25px;font-family: 'Coming Soon'\" data-fusion-font=\"true\" data-fusion-google-font=\"Coming Soon\" data-fusion-google-variant=\"400\" data-fusion-google-subset=\"latin\">Quinto A\u00f1o<\/span><\/span><\/p>\n<\/p>\n<\/div><div class=\"fusion-clearfix\"><\/div><a class=\"button fusion-button button-default fusion-button-large button-large button-flat fusion-mobile-button continue-center\" style=\"-webkit-box-shadow:none;-moz-box-shadow:none;box-shadow:none;border-radius:  \" href=\"http:\/\/34.134.90.17\/primaria\/wp-content\/uploads\/sites\/2\/2020\/07\/utiles_primaria_5to.xlsx\" target=\"_self\"><span>CONOCE M\u00c1S<\/span><\/a><\/div><\/div><\/div><\/div><div class=\"fusion-layout-column fusion_builder_column fusion-builder-column-6 fusion_builder_column_1_3 1_3 fusion-flex-column\" style=\"--awb-overflow:hidden;--awb-bg-size:cover;--awb-border-radius:20px 20px 20px 20px;--awb-width-large:33.333333333333%;--awb-margin-top-large:0px;--awb-spacing-right-large:5.76%;--awb-margin-bottom-large:0px;--awb-spacing-left-large:5.76%;--awb-width-medium:33.333333333333%;--awb-spacing-right-medium:5.76%;--awb-spacing-left-medium:5.76%;--awb-width-small:100%;--awb-spacing-right-small:1.92%;--awb-spacing-left-small:1.92%;\"><div class=\"fusion-column-wrapper fusion-column-has-shadow fusion-flex-justify-content-flex-start fusion-content-layout-column\"><style type='text\/css'>.reading-box-container-7 .element-bottomshadow:before,.reading-box-container-7 .element-bottomshadow:after{opacity:0.70;}<\/style><div class=\"fusion-reading-box-container reading-box-container-7 fusion-animated\" style=\"--awb-title-color:#333333;--awb-margin-top:0px;--awb-margin-bottom:84px;\" data-animationType=\"bounceInLeft\" data-animationDuration=\"0.3\" data-animationOffset=\"top-into-view\"><div class=\"reading-box reading-box-center element-bottomshadow\" style=\"background-color:#cea03d;border-width:0px;border-color:#f6f6f6;border-bottom-width:3px;border-bottom-color:var(--primary_color);border-style:solid;\"><div class=\"reading-box-additional\">\n<p style=\"font-size: 25px;line-height: 40px;letter-spacing: normal;font-family: Sunflower;color: #ffffff\" data-fusion-font=\"true\" data-fusion-google-font=\"Sunflower\" data-fusion-google-variant=\"300\" data-fusion-google-subset=\"latin\"><span style=\"font-size: 34px\" data-fusion-font=\"true\"> <span style=\"color: #ffffff;font-size: 25px;font-family: 'Coming Soon'\" data-fusion-font=\"true\" data-fusion-google-font=\"Coming Soon\" data-fusion-google-variant=\"400\" data-fusion-google-subset=\"latin\"><i class=\"fa fa-book\"><\/i> Lista de \u00datiles Primaria<\/span><\/span><\/p>\n<p style=\"font-size: 25px;line-height: 40px;letter-spacing: normal;font-family: Sunflower;color: #ffffff\" data-fusion-font=\"true\" data-fusion-google-font=\"Sunflower\" data-fusion-google-variant=\"300\" data-fusion-google-subset=\"latin\"><span style=\"font-size: 34px\" data-fusion-font=\"true\"><span style=\"color: #ffffff;font-size: 25px;font-family: 'Coming Soon'\" data-fusion-font=\"true\" data-fusion-google-font=\"Coming Soon\" data-fusion-google-variant=\"400\" data-fusion-google-subset=\"latin\">Sexto A\u00f1o<\/span><\/span><\/p>\n<\/div><div class=\"fusion-clearfix\"><\/div><a class=\"button fusion-button button-default fusion-button-large button-large button-flat fusion-mobile-button continue-center\" style=\"-webkit-box-shadow:none;-moz-box-shadow:none;box-shadow:none;border-radius:  \" href=\"http:\/\/34.134.90.17\/primaria\/wp-content\/uploads\/sites\/2\/2020\/07\/Circular-venta-utiles-y-libros-2020-2021.pdf\" target=\"_self\"><span>CONOCE M\u00c1S<\/span><\/a><\/div><\/div><\/div><\/div><\/div><\/div>\n","protected":false},"excerpt":{"rendered":"","protected":false},"author":1,"featured_media":0,"parent":0,"menu_order":0,"comment_status":"closed","ping_status":"closed","template":"100-width.php","meta":{"footnotes":""},"class_list":["post-1090","page","type-page","status-publish","hentry"],"yoast_head":"<!-- This site is optimized with the Yoast SEO Premium plugin v21.8 (Yoast SEO v25.6) - https:\/\/yoast.com\/wordpress\/plugins\/seo\/ -->\n<title>Lista de \u00fatiles escolares - Colegio La Salle de seglares PRIMARIA<\/title>\n<meta name=\"robots\" content=\"index, follow, max-snippet:-1, max-image-preview:large, max-video-preview:-1\" \/>\n<link rel=\"canonical\" href=\"https:\/\/colegiolasalle.edu.mx\/primaria\/lista-de-utiles-escolares\/\" \/>\n<meta property=\"og:locale\" content=\"es_MX\" \/>\n<meta property=\"og:type\" content=\"article\" \/>\n<meta property=\"og:title\" content=\"Lista de \u00fatiles escolares\" \/>\n<meta property=\"og:url\" content=\"https:\/\/colegiolasalle.edu.mx\/primaria\/lista-de-utiles-escolares\/\" \/>\n<meta property=\"og:site_name\" content=\"Colegio La Salle de seglares PRIMARIA\" \/>\n<meta name=\"twitter:card\" content=\"summary_large_image\" \/>\n<meta name=\"twitter:label1\" content=\"Tiempo de lectura\" \/>\n\t<meta name=\"twitter:data1\" content=\"10 minutos\" \/>\n<script type=\"application\/ld+json\" class=\"yoast-schema-graph\">{\"@context\":\"https:\/\/schema.org\",\"@graph\":[{\"@type\":\"WebPage\",\"@id\":\"https:\/\/colegiolasalle.edu.mx\/primaria\/lista-de-utiles-escolares\/\",\"url\":\"https:\/\/colegiolasalle.edu.mx\/primaria\/lista-de-utiles-escolares\/\",\"name\":\"Lista de \u00fatiles escolares - Colegio La Salle de seglares PRIMARIA\",\"isPartOf\":{\"@id\":\"https:\/\/colegiolasalle.edu.mx\/primaria\/#website\"},\"datePublished\":\"2020-07-03T04:41:19+00:00\",\"breadcrumb\":{\"@id\":\"https:\/\/colegiolasalle.edu.mx\/primaria\/lista-de-utiles-escolares\/#breadcrumb\"},\"inLanguage\":\"es\",\"potentialAction\":[{\"@type\":\"ReadAction\",\"target\":[\"https:\/\/colegiolasalle.edu.mx\/primaria\/lista-de-utiles-escolares\/\"]}]},{\"@type\":\"BreadcrumbList\",\"@id\":\"https:\/\/colegiolasalle.edu.mx\/primaria\/lista-de-utiles-escolares\/#breadcrumb\",\"itemListElement\":[{\"@type\":\"ListItem\",\"position\":1,\"name\":\"Home\",\"item\":\"https:\/\/colegiolasalle.edu.mx\/primaria\/\"},{\"@type\":\"ListItem\",\"position\":2,\"name\":\"Lista de \u00fatiles escolares\"}]},{\"@type\":\"WebSite\",\"@id\":\"https:\/\/colegiolasalle.edu.mx\/primaria\/#website\",\"url\":\"https:\/\/colegiolasalle.edu.mx\/primaria\/\",\"name\":\"Colegio La Salle de seglares PRIMARIA\",\"description\":\"\",\"potentialAction\":[{\"@type\":\"SearchAction\",\"target\":{\"@type\":\"EntryPoint\",\"urlTemplate\":\"https:\/\/colegiolasalle.edu.mx\/primaria\/?s={search_term_string}\"},\"query-input\":{\"@type\":\"PropertyValueSpecification\",\"valueRequired\":true,\"valueName\":\"search_term_string\"}}],\"inLanguage\":\"es\"}]}<\/script>\n<!-- \/ Yoast SEO Premium plugin. -->","yoast_head_json":{"title":"Lista de \u00fatiles escolares - Colegio La Salle de seglares PRIMARIA","robots":{"index":"index","follow":"follow","max-snippet":"max-snippet:-1","max-image-preview":"max-image-preview:large","max-video-preview":"max-video-preview:-1"},"canonical":"https:\/\/colegiolasalle.edu.mx\/primaria\/lista-de-utiles-escolares\/","og_locale":"es_MX","og_type":"article","og_title":"Lista de \u00fatiles escolares","og_url":"https:\/\/colegiolasalle.edu.mx\/primaria\/lista-de-utiles-escolares\/","og_site_name":"Colegio La Salle de seglares PRIMARIA","twitter_card":"summary_large_image","twitter_misc":{"Tiempo de lectura":"10 minutos"},"schema":{"@context":"https:\/\/schema.org","@graph":[{"@type":"WebPage","@id":"https:\/\/colegiolasalle.edu.mx\/primaria\/lista-de-utiles-escolares\/","url":"https:\/\/colegiolasalle.edu.mx\/primaria\/lista-de-utiles-escolares\/","name":"Lista de \u00fatiles escolares - Colegio La Salle de seglares PRIMARIA","isPartOf":{"@id":"https:\/\/colegiolasalle.edu.mx\/primaria\/#website"},"datePublished":"2020-07-03T04:41:19+00:00","breadcrumb":{"@id":"https:\/\/colegiolasalle.edu.mx\/primaria\/lista-de-utiles-escolares\/#breadcrumb"},"inLanguage":"es","potentialAction":[{"@type":"ReadAction","target":["https:\/\/colegiolasalle.edu.mx\/primaria\/lista-de-utiles-escolares\/"]}]},{"@type":"BreadcrumbList","@id":"https:\/\/colegiolasalle.edu.mx\/primaria\/lista-de-utiles-escolares\/#breadcrumb","itemListElement":[{"@type":"ListItem","position":1,"name":"Home","item":"https:\/\/colegiolasalle.edu.mx\/primaria\/"},{"@type":"ListItem","position":2,"name":"Lista de \u00fatiles escolares"}]},{"@type":"WebSite","@id":"https:\/\/colegiolasalle.edu.mx\/primaria\/#website","url":"https:\/\/colegiolasalle.edu.mx\/primaria\/","name":"Colegio La Salle de seglares PRIMARIA","description":"","potentialAction":[{"@type":"SearchAction","target":{"@type":"EntryPoint","urlTemplate":"https:\/\/colegiolasalle.edu.mx\/primaria\/?s={search_term_string}"},"query-input":{"@type":"PropertyValueSpecification","valueRequired":true,"valueName":"search_term_string"}}],"inLanguage":"es"}]}},"_links":{"self":[{"href":"https:\/\/colegiolasalle.edu.mx\/primaria\/wp-json\/wp\/v2\/pages\/1090","targetHints":{"allow":["GET"]}}],"collection":[{"href":"https:\/\/colegiolasalle.edu.mx\/primaria\/wp-json\/wp\/v2\/pages"}],"about":[{"href":"https:\/\/colegiolasalle.edu.mx\/primaria\/wp-json\/wp\/v2\/types\/page"}],"author":[{"embeddable":true,"href":"https:\/\/colegiolasalle.edu.mx\/primaria\/wp-json\/wp\/v2\/users\/1"}],"replies":[{"embeddable":true,"href":"https:\/\/colegiolasalle.edu.mx\/primaria\/wp-json\/wp\/v2\/comments?post=1090"}],"version-history":[{"count":0,"href":"https:\/\/colegiolasalle.edu.mx\/primaria\/wp-json\/wp\/v2\/pages\/1090\/revisions"}],"wp:attachment":[{"href":"https:\/\/colegiolasalle.edu.mx\/primaria\/wp-json\/wp\/v2\/media?parent=1090"}],"curies":[{"name":"wp","href":"https:\/\/api.w.org\/{rel}","templated":true}]}}