{"id":16,"date":"2020-02-14T06:55:41","date_gmt":"2020-02-14T06:55:41","guid":{"rendered":"https:\/\/colegiolasalle.edu.mx\/preescolar\/?page_id=16"},"modified":"2024-01-24T21:23:26","modified_gmt":"2024-01-24T21:23:26","slug":"psicopedagogia","status":"publish","type":"page","link":"https:\/\/colegiolasalle.edu.mx\/preescolar\/psicopedagogia\/","title":{"rendered":"Psicopedagog\u00eda"},"content":{"rendered":"<p><div class=\"fusion-fullwidth fullwidth-box fusion-builder-row-1 fusion-flex-container nonhundred-percent-fullwidth non-hundred-percent-height-scrolling\" style=\"--awb-border-radius-top-left:0px;--awb-border-radius-top-right:0px;--awb-border-radius-bottom-right:0px;--awb-border-radius-bottom-left:0px;--awb-flex-wrap:wrap;\" ><div class=\"fusion-builder-row fusion-row fusion-flex-align-items-flex-start fusion-flex-content-wrap\" style=\"max-width:1144px;margin-left: calc(-4% \/ 2 );margin-right: calc(-4% \/ 2 );\"><div class=\"fusion-layout-column fusion_builder_column fusion-builder-column-0 fusion_builder_column_1_1 1_1 fusion-flex-column\" style=\"--awb-bg-size:cover;--awb-width-large:100%;--awb-margin-top-large:0px;--awb-spacing-right-large:1.92%;--awb-margin-bottom-large:0px;--awb-spacing-left-large:1.92%;--awb-width-medium:100%;--awb-spacing-right-medium:1.92%;--awb-spacing-left-medium:1.92%;--awb-width-small:100%;--awb-spacing-right-small:1.92%;--awb-spacing-left-small:1.92%;\"><div class=\"fusion-column-wrapper fusion-column-has-shadow fusion-flex-justify-content-flex-start fusion-content-layout-column\"><div class=\"fusion-section-separator section-separator clouds fusion-section-separator-1\" style=\"--awb-spacer-height:99px;--awb-svg-margin-left:1.92%;--awb-svg-margin-right:1.92%;--awb-svg-margin-left-medium:1.92%;--awb-svg-margin-right-medium:1.92%;--awb-svg-margin-left-small:1.92%;--awb-svg-margin-right-small:1.92%;--awb-divider-height:99px;--awb-spacer-padding-top:inherit;--awb-sep-padding:0;--awb-svg-padding:0;\"><div class=\"fusion-section-separator-svg\"><svg class=\"fusion-clouds-candy\" xmlns=\"http:\/\/www.w3.org\/2000\/svg\" version=\"1.1\" width=\"100%\" height=\"100\" viewBox=\"0 0 100 100\" preserveAspectRatio=\"none\" fill=\"rgba(27,175,222,1)\"><path d=\"M-5 100 Q 0 20 5 100 Z\"><\/path>\n\t\t\t\t\t\t\t\t<path d=\"M0 100 Q 5 0 10 100\"><\/path>\n\t\t\t\t\t\t\t\t<path d=\"M5 100 Q 10 30 15 100\"><\/path>\n\t\t\t\t\t\t\t\t<path d=\"M10 100 Q 15 10 20 100\"><\/path>\n\t\t\t\t\t\t\t\t<path d=\"M15 100 Q 20 30 25 100\"><\/path>\n\t\t\t\t\t\t\t\t<path d=\"M20 100 Q 25 -10 30 100\"><\/path>\n\t\t\t\t\t\t\t\t<path d=\"M25 100 Q 30 10 35 100\"><\/path>\n\t\t\t\t\t\t\t\t<path d=\"M30 100 Q 35 30 40 100\"><\/path>\n\t\t\t\t\t\t\t\t<path d=\"M35 100 Q 40 10 45 100\"><\/path>\n\t\t\t\t\t\t\t\t<path d=\"M40 100 Q 45 50 50 100\"><\/path>\n\t\t\t\t\t\t\t\t<path d=\"M45 100 Q 50 20 55 100\"><\/path>\n\t\t\t\t\t\t\t\t<path d=\"M50 100 Q 55 40 60 100\"><\/path>\n\t\t\t\t\t\t\t\t<path d=\"M55 100 Q 60 60 65 100\"><\/path>\n\t\t\t\t\t\t\t\t<path d=\"M60 100 Q 65 50 70 100\"><\/path>\n\t\t\t\t\t\t\t\t<path d=\"M65 100 Q 70 20 75 100\"><\/path>\n\t\t\t\t\t\t\t\t<path d=\"M70 100 Q 75 45 80 100\"><\/path>\n\t\t\t\t\t\t\t\t<path d=\"M75 100 Q 80 30 85 100\"><\/path>\n\t\t\t\t\t\t\t\t<path d=\"M80 100 Q 85 20 90 100\"><\/path>\n\t\t\t\t\t\t\t\t<path d=\"M85 100 Q 90 50 95 100\"><\/path>\n\t\t\t\t\t\t\t\t<path d=\"M90 100 Q 95 25 100 100\"><\/path>\n\t\t\t\t\t\t\t\t<path d=\"M95 100 Q 100 15 105 100 Z\"><\/path><\/svg><\/div><div class=\"fusion-section-separator-spacer\"><div class=\"fusion-section-separator-spacer-height\"><\/div><\/div><\/div><\/div><\/div><\/div><\/div><div class=\"fusion-fullwidth fullwidth-box fusion-builder-row-2 fusion-flex-container nonhundred-percent-fullwidth non-hundred-percent-height-scrolling\" style=\"--awb-border-radius-top-left:0px;--awb-border-radius-top-right:0px;--awb-border-radius-bottom-right:0px;--awb-border-radius-bottom-left:0px;--awb-padding-top:0px;--awb-padding-right:0px;--awb-padding-bottom:0px;--awb-margin-bottom:0px;--awb-background-color:#1bafde;--awb-flex-wrap:wrap;\" ><div class=\"fusion-builder-row fusion-row fusion-flex-align-items-flex-start fusion-flex-content-wrap\" style=\"max-width:calc( 1100px + 0px );margin-left: calc(-0px \/ 2 );margin-right: calc(-0px \/ 2 );\"><div class=\"fusion-layout-column fusion_builder_column fusion-builder-column-1 fusion_builder_column_1_1 1_1 fusion-flex-column\" style=\"--awb-padding-right:20px;--awb-padding-left:20px;--awb-bg-size:cover;--awb-width-large:100%;--awb-margin-top-large:0px;--awb-spacing-right-large:0px;--awb-margin-bottom-large:20px;--awb-spacing-left-large:0px;--awb-width-medium:100%;--awb-spacing-right-medium:0px;--awb-spacing-left-medium:0px;--awb-width-small:100%;--awb-spacing-right-small:0px;--awb-spacing-left-small:0px;\"><div class=\"fusion-column-wrapper fusion-column-has-shadow fusion-flex-justify-content-flex-start fusion-content-layout-column\"><div class=\"fusion-text fusion-text-1\"><\/div><div class=\"fusion-text fusion-text-2\" style=\"--awb-font-size:20px;\"><p><span style=\"color: #ffffff\">Psicopedagog\u00eda es un servicio de apoyo a la comunidad educativa, conformado por tres psic\u00f3logas:<\/span><\/p>\n<p><span style=\"color: #ffffff\">\u00a0Psic\u00f3loga educativa con especialidad en terapia familiar con enfoque sist\u00e9mico.<\/span><\/p>\n<p><span style=\"color: #ffffff\">\u00a0Psic\u00f3loga educativa con experiencia en el \u00e1rea de educaci\u00f3n preescolar en la formaci\u00f3n integral de los alumnos.<\/span><\/p>\n<p><span style=\"color: #ffffff\">\u00a0Psic\u00f3loga general con experiencia en intervenci\u00f3n.<\/span><\/p>\n<p><span style=\"color: #ffffff\">El objetivo principal, es optimizar el proceso de ense\u00f1anza-aprendizaje en los alumnos, brindando apoyo socio emocional, contenci\u00f3n y cuidando su desarrollo integral.<\/span><\/p>\n<p><span style=\"color: #ffffff\">Se hace un acompa\u00f1amiento integral de los alumnos, a partir de las observaciones realizadas en las diversas \u00e1reas del colegio; Platicas de orientaci\u00f3n a alumnos, padres de familia y docentes, con el fin de salvaguardar en medida de lo posible el bienestar e integridad de nuestra comunidad educativa; Intervenci\u00f3n en situaciones que lo requieran.<\/span><\/p>\n<p><span style=\"color: #ffffff\">La intervenci\u00f3n se lleva a cabo partiendo de una detecci\u00f3n de necesidades, con previa autorizaci\u00f3n de los padres de familia o tutores, sin expedir diagn\u00f3stico, reportes ni servicio psicoterap\u00e9utico. En caso de considerarse necesario, se sugiere a los padres de familia distintas opciones de atenci\u00f3n, seg\u00fan las necesidades identificadas a cargo de alg\u00fan especialista externo.<\/span><\/p>\n<p><span style=\"color: #ffffff\">Somos un enlace con los procesos terap\u00e9uticos externos (paidopsiquiatra, neur\u00f3logo, terapeuta de lenguaje) y con los profesores externos encargados de la atenci\u00f3n del proceso de aprendizaje y apoyo de tareas. Trabajamos en colaboraci\u00f3n con profesores y padres de familia para unificar los acuerdos y lograr el \u00e9xito en el desarrollo integral en nuestros alumnos.<\/span><\/p>\n<p><span style=\"color: #ffffff\">El Departamento de Psicopedagog\u00eda tambi\u00e9n colabora en los procesos de Admisi\u00f3n de alumnos, Selecci\u00f3n y Capacitaci\u00f3n de Personal, y el cumplimiento de la Norma NOM-035-STPS-2018.<\/span><\/p>\n<p><span style=\"color: #ffffff\">El equipo de Psicolog\u00eda imparte la clase de Emociones, donde se busca que los alumnos desde preescolar puedan identificar, expresar y conocer sus emociones adem\u00e1s de reconocer c\u00f3mo encaminar cada una de forma positiva y activa.<\/span><\/p>\n<\/div><div class=\"fusion-image-carousel fusion-image-carousel-auto fusion-image-carousel-1 fusion-carousel-border\"><div class=\"awb-carousel awb-swiper awb-swiper-carousel\" data-autoplay=\"no\" data-columns=\"2\" data-itemmargin=\"15\" data-itemwidth=\"180\" data-touchscroll=\"no\" data-imagesize=\"auto\" style=\"--awb-columns:2;--awb-column-spacing:15px;\"><div class=\"swiper-wrapper awb-image-carousel-wrapper fusion-flex-align-items-center\"><div class=\"swiper-slide\"><div class=\"fusion-carousel-item-wrapper\"><div class=\"fusion-image-wrapper hover-type-zoomin\"><img decoding=\"async\" width=\"1024\" height=\"1020\" src=\"https:\/\/colegiolasalle.edu.mx\/preescolar\/wp-content\/uploads\/sites\/3\/2020\/02\/3.jpg\" class=\"attachment-full size-full\" alt=\"\" \/><\/div><\/div><\/div><div class=\"swiper-slide\"><div class=\"fusion-carousel-item-wrapper\"><div class=\"fusion-image-wrapper hover-type-zoomin\"><img decoding=\"async\" width=\"1024\" height=\"683\" src=\"https:\/\/colegiolasalle.edu.mx\/preescolar\/wp-content\/uploads\/sites\/3\/2020\/02\/2.jpg\" class=\"attachment-full size-full\" alt=\"\" \/><\/div><\/div><\/div><div class=\"swiper-slide\"><div class=\"fusion-carousel-item-wrapper\"><div class=\"fusion-image-wrapper hover-type-zoomin\"><img decoding=\"async\" width=\"1024\" height=\"683\" src=\"https:\/\/colegiolasalle.edu.mx\/preescolar\/wp-content\/uploads\/sites\/3\/2020\/02\/1.jpg\" class=\"attachment-full size-full\" alt=\"\" \/><\/div><\/div><\/div><\/div><div class=\"awb-swiper-button awb-swiper-button-prev\"><i class=\"awb-icon-angle-left\" aria-hidden=\"true\"><\/i><\/div><div class=\"awb-swiper-button awb-swiper-button-next\"><i class=\"awb-icon-angle-right\" aria-hidden=\"true\"><\/i><\/div><\/div><\/div><\/div><\/div><div class=\"fusion-layout-column fusion_builder_column fusion-builder-column-2 fusion_builder_column_1_1 1_1 fusion-flex-column\" style=\"--awb-bg-size:cover;--awb-width-large:100%;--awb-margin-top-large:0px;--awb-spacing-right-large:0px;--awb-margin-bottom-large:20px;--awb-spacing-left-large:0px;--awb-width-medium:100%;--awb-spacing-right-medium:0px;--awb-spacing-left-medium:0px;--awb-width-small:100%;--awb-spacing-right-small:0px;--awb-spacing-left-small:0px;\"><div class=\"fusion-column-wrapper fusion-column-has-shadow fusion-flex-justify-content-flex-start fusion-content-layout-column\"><div class=\"fusion-sharing-box fusion-sharing-box-1 boxed-icons has-taglines layout-floated layout-medium-floated layout-small-floated\" style=\"background-color:#0216f7;--awb-layout:row;--awb-alignment-small:space-between;\" data-title=\"Psicopedagog\u00eda\" data-description=\"Psicopedagog\u00eda es un servicio de apoyo a la comunidad educativa, conformado por tres psic\u00f3logas:\r\n\u00a0Psic\u00f3loga educativa con especialidad en terapia familiar con enfoque sist\u00e9mico.\r\n\u00a0Psic\u00f3loga educativa con experiencia en el \u00e1rea de educaci\u00f3n preescolar en la formaci\u00f3n integral de los alumnos.\r\n\u00a0Psic\u00f3loga general con experiencia\" data-link=\"https:\/\/colegiolasalle.edu.mx\/preescolar\/psicopedagogia\/\"><h4 class=\"tagline\" style=\"color:#ffffff;\">!Comparte este art\u00edculo en tu red social preferida!<\/h4><div class=\"fusion-social-networks sharingbox-shortcode-icon-wrapper sharingbox-shortcode-icon-wrapper-1 boxed-icons\"><span><a href=\"https:\/\/www.facebook.com\/sharer.php?u=https%3A%2F%2Fcolegiolasalle.edu.mx%2Fpreescolar%2Fpsicopedagogia%2F&amp;t=Psicopedagog%C3%ADa\" target=\"_blank\" rel=\"noreferrer\" title=\"Facebook\" aria-label=\"Facebook\" data-placement=\"top\" data-toggle=\"tooltip\" data-title=\"Facebook\"><i class=\"fusion-social-network-icon fusion-tooltip fusion-facebook awb-icon-facebook\" style=\"color:#ffffff;background-color:#3b5998;border-color:#3b5998;border-radius:4px;\" aria-hidden=\"true\"><\/i><\/a><\/span><span><a href=\"https:\/\/twitter.com\/share?text=Psicopedagog%C3%ADa&amp;url=https%3A%2F%2Fcolegiolasalle.edu.mx%2Fpreescolar%2Fpsicopedagogia%2F\" target=\"_blank\" rel=\"noopener noreferrer\" title=\"Twitter\" aria-label=\"Twitter\" data-placement=\"top\" data-toggle=\"tooltip\" data-title=\"Twitter\"><i class=\"fusion-social-network-icon fusion-tooltip fusion-twitter awb-icon-twitter\" style=\"color:#ffffff;background-color:#000000;border-color:#000000;border-radius:4px;\" aria-hidden=\"true\"><\/i><\/a><\/span><span><a href=\"https:\/\/reddit.com\/submit?url=https%3A%2F%2Fcolegiolasalle.edu.mx%2Fpreescolar%2Fpsicopedagogia%2F&amp;title=Psicopedagog%C3%ADa\" target=\"_blank\" rel=\"noopener noreferrer\" title=\"Reddit\" aria-label=\"Reddit\" data-placement=\"top\" data-toggle=\"tooltip\" data-title=\"Reddit\"><i class=\"fusion-social-network-icon fusion-tooltip fusion-reddit awb-icon-reddit\" style=\"color:#ffffff;background-color:#ff4500;border-color:#ff4500;border-radius:4px;\" aria-hidden=\"true\"><\/i><\/a><\/span><span><a href=\"https:\/\/www.linkedin.com\/shareArticle?mini=true&amp;url=https%3A%2F%2Fcolegiolasalle.edu.mx%2Fpreescolar%2Fpsicopedagogia%2F&amp;title=Psicopedagog%C3%ADa&amp;summary=Psicopedagog%C3%ADa%20es%20un%20servicio%20de%20apoyo%20a%20la%20comunidad%20educativa%2C%20conformado%20por%20tres%20psic%C3%B3logas%3A%0D%0A%C2%A0Psic%C3%B3loga%20educativa%20con%20especialidad%20en%20terapia%20familiar%20con%20enfoque%20sist%C3%A9mico.%0D%0A%C2%A0Psic%C3%B3loga%20educativa%20con%20experiencia%20en%20el%20%C3%A1rea%20de%20educaci%C3%B3n%20preescolar%20en%20la%20formaci%C3%B3n%20integral%20de%20los%20alumnos.%0D%0A%C2%A0Psic%C3%B3loga%20general%20con%20experiencia\" target=\"_blank\" rel=\"noopener noreferrer\" title=\"LinkedIn\" aria-label=\"LinkedIn\" data-placement=\"top\" data-toggle=\"tooltip\" data-title=\"LinkedIn\"><i class=\"fusion-social-network-icon fusion-tooltip fusion-linkedin awb-icon-linkedin\" style=\"color:#ffffff;background-color:#0077b5;border-color:#0077b5;border-radius:4px;\" aria-hidden=\"true\"><\/i><\/a><\/span><span><a href=\"https:\/\/api.whatsapp.com\/send?text=https%3A%2F%2Fcolegiolasalle.edu.mx%2Fpreescolar%2Fpsicopedagogia%2F\" target=\"_blank\" rel=\"noopener noreferrer\" title=\"WhatsApp\" aria-label=\"WhatsApp\" data-placement=\"top\" data-toggle=\"tooltip\" data-title=\"WhatsApp\"><i class=\"fusion-social-network-icon fusion-tooltip fusion-whatsapp awb-icon-whatsapp\" style=\"color:#ffffff;background-color:#77e878;border-color:#77e878;border-radius:4px;\" aria-hidden=\"true\"><\/i><\/a><\/span><span><a href=\"https:\/\/t.me\/share\/url?url=https%3A%2F%2Fcolegiolasalle.edu.mx%2Fpreescolar%2Fpsicopedagogia%2F&amp;text=Psicopedagog%C3%ADa\" target=\"_blank\" rel=\"noopener noreferrer\" title=\"Telegram\" aria-label=\"Telegram\" data-placement=\"top\" data-toggle=\"tooltip\" data-title=\"Telegram\"><i class=\"fusion-social-network-icon fusion-tooltip fusion-telegram awb-icon-telegram\" style=\"color:#ffffff;background-color:#0088cc;border-color:#0088cc;border-radius:4px;\" aria-hidden=\"true\"><\/i><\/a><\/span><span><a href=\"https:\/\/www.tumblr.com\/share\/link?url=https%3A%2F%2Fcolegiolasalle.edu.mx%2Fpreescolar%2Fpsicopedagogia%2F&amp;name=Psicopedagog%C3%ADa&amp;description=Psicopedagog%C3%ADa%20es%20un%20servicio%20de%20apoyo%20a%20la%20comunidad%20educativa%2C%20conformado%20por%20tres%20psic%C3%B3logas%3A%0D%0A%C2%A0Psic%C3%B3loga%20educativa%20con%20especialidad%20en%20terapia%20familiar%20con%20enfoque%20sist%C3%A9mico.%0D%0A%C2%A0Psic%C3%B3loga%20educativa%20con%20experiencia%20en%20el%20%C3%A1rea%20de%20educaci%C3%B3n%20preescolar%20en%20la%20formaci%C3%B3n%20integral%20de%20los%20alumnos.%0D%0A%C2%A0Psic%C3%B3loga%20general%20con%20experiencia\" target=\"_blank\" rel=\"noopener noreferrer\" title=\"Tumblr\" aria-label=\"Tumblr\" data-placement=\"top\" data-toggle=\"tooltip\" data-title=\"Tumblr\"><i class=\"fusion-social-network-icon fusion-tooltip fusion-tumblr awb-icon-tumblr\" style=\"color:#ffffff;background-color:#35465c;border-color:#35465c;border-radius:4px;\" aria-hidden=\"true\"><\/i><\/a><\/span><span><a href=\"https:\/\/pinterest.com\/pin\/create\/button\/?url=https%3A%2F%2Fcolegiolasalle.edu.mx%2Fpreescolar%2Fpsicopedagogia%2F&amp;description=Psicopedagog%C3%ADa%20es%20un%20servicio%20de%20apoyo%20a%20la%20comunidad%20educativa%2C%20conformado%20por%20tres%20psic%C3%B3logas%3A%0D%0A%C2%A0Psic%C3%B3loga%20educativa%20con%20especialidad%20en%20terapia%20familiar%20con%20enfoque%20sist%C3%A9mico.%0D%0A%C2%A0Psic%C3%B3loga%20educativa%20con%20experiencia%20en%20el%20%C3%A1rea%20de%20educaci%C3%B3n%20preescolar%20en%20la%20formaci%C3%B3n%20integral%20de%20los%20alumnos.%0D%0A%C2%A0Psic%C3%B3loga%20general%20con%20experiencia&amp;media=\" target=\"_blank\" rel=\"noopener noreferrer\" title=\"Pinterest\" aria-label=\"Pinterest\" data-placement=\"top\" data-toggle=\"tooltip\" data-title=\"Pinterest\"><i class=\"fusion-social-network-icon fusion-tooltip fusion-pinterest awb-icon-pinterest\" style=\"color:#ffffff;background-color:#bd081c;border-color:#bd081c;border-radius:4px;\" aria-hidden=\"true\"><\/i><\/a><\/span><span><a href=\"https:\/\/vkontakte.ru\/share.php?url=https%3A%2F%2Fcolegiolasalle.edu.mx%2Fpreescolar%2Fpsicopedagogia%2F&amp;title=Psicopedagog%C3%ADa&amp;description=Psicopedagog%C3%ADa%20es%20un%20servicio%20de%20apoyo%20a%20la%20comunidad%20educativa%2C%20conformado%20por%20tres%20psic%C3%B3logas%3A%0D%0A%C2%A0Psic%C3%B3loga%20educativa%20con%20especialidad%20en%20terapia%20familiar%20con%20enfoque%20sist%C3%A9mico.%0D%0A%C2%A0Psic%C3%B3loga%20educativa%20con%20experiencia%20en%20el%20%C3%A1rea%20de%20educaci%C3%B3n%20preescolar%20en%20la%20formaci%C3%B3n%20integral%20de%20los%20alumnos.%0D%0A%C2%A0Psic%C3%B3loga%20general%20con%20experiencia\" target=\"_blank\" rel=\"noopener noreferrer\" title=\"Vk\" aria-label=\"Vk\" data-placement=\"top\" data-toggle=\"tooltip\" data-title=\"Vk\"><i class=\"fusion-social-network-icon fusion-tooltip fusion-vk awb-icon-vk\" style=\"color:#ffffff;background-color:#45668e;border-color:#45668e;border-radius:4px;\" aria-hidden=\"true\"><\/i><\/a><\/span><span><a href=\"https:\/\/www.xing.com\/social_plugins\/share\/new?sc_p=xing-share&amp;h=1&amp;url=https%3A%2F%2Fcolegiolasalle.edu.mx%2Fpreescolar%2Fpsicopedagogia%2F\" target=\"_blank\" rel=\"noopener noreferrer\" title=\"Xing\" aria-label=\"Xing\" data-placement=\"top\" data-toggle=\"tooltip\" data-title=\"Xing\"><i class=\"fusion-social-network-icon fusion-tooltip fusion-xing awb-icon-xing\" style=\"color:#ffffff;background-color:#026466;border-color:#026466;border-radius:4px;\" aria-hidden=\"true\"><\/i><\/a><\/span><span><a href=\"mailto:?subject=Psicopedagog%C3%ADa&amp;body=https%3A%2F%2Fcolegiolasalle.edu.mx%2Fpreescolar%2Fpsicopedagogia%2F\" target=\"_self\" title=\"Email\" aria-label=\"Email\" data-placement=\"top\" data-toggle=\"tooltip\" data-title=\"Email\"><i class=\"fusion-social-network-icon fusion-tooltip fusion-mail awb-icon-mail\" style=\"color:#ffffff;background-color:#000000;border-color:#000000;border-radius:4px;\" aria-hidden=\"true\"><\/i><\/a><\/span><\/div><\/div><\/div><\/div><\/div><\/div><\/p>\n","protected":false},"excerpt":{"rendered":"","protected":false},"author":1,"featured_media":0,"parent":0,"menu_order":0,"comment_status":"closed","ping_status":"closed","template":"100-width.php","meta":{"footnotes":""},"class_list":["post-16","page","type-page","status-publish","hentry"],"yoast_head":"<!-- This site is optimized with the Yoast SEO Premium plugin v21.8 (Yoast SEO v25.6) - https:\/\/yoast.com\/wordpress\/plugins\/seo\/ -->\n<title>Psicopedagog\u00eda - Colegio La Salle de seglares PREESCOLAR<\/title>\n<meta name=\"robots\" content=\"index, follow, max-snippet:-1, max-image-preview:large, max-video-preview:-1\" \/>\n<link rel=\"canonical\" href=\"https:\/\/colegiolasalle.edu.mx\/preescolar\/psicopedagogia\/\" \/>\n<meta property=\"og:locale\" content=\"es_MX\" \/>\n<meta property=\"og:type\" content=\"article\" \/>\n<meta property=\"og:title\" content=\"Psicopedagog\u00eda\" \/>\n<meta property=\"og:url\" content=\"https:\/\/colegiolasalle.edu.mx\/preescolar\/psicopedagogia\/\" \/>\n<meta property=\"og:site_name\" content=\"Colegio La Salle de seglares PREESCOLAR\" \/>\n<meta property=\"article:modified_time\" content=\"2024-01-24T21:23:26+00:00\" \/>\n<meta name=\"twitter:card\" content=\"summary_large_image\" \/>\n<meta name=\"twitter:label1\" content=\"Tiempo de lectura\" \/>\n\t<meta name=\"twitter:data1\" content=\"6 minutos\" \/>\n<script type=\"application\/ld+json\" class=\"yoast-schema-graph\">{\"@context\":\"https:\/\/schema.org\",\"@graph\":[{\"@type\":\"WebPage\",\"@id\":\"https:\/\/colegiolasalle.edu.mx\/preescolar\/psicopedagogia\/\",\"url\":\"https:\/\/colegiolasalle.edu.mx\/preescolar\/psicopedagogia\/\",\"name\":\"Psicopedagog\u00eda - Colegio La Salle de seglares PREESCOLAR\",\"isPartOf\":{\"@id\":\"https:\/\/colegiolasalle.edu.mx\/preescolar\/#website\"},\"datePublished\":\"2020-02-14T06:55:41+00:00\",\"dateModified\":\"2024-01-24T21:23:26+00:00\",\"breadcrumb\":{\"@id\":\"https:\/\/colegiolasalle.edu.mx\/preescolar\/psicopedagogia\/#breadcrumb\"},\"inLanguage\":\"es\",\"potentialAction\":[{\"@type\":\"ReadAction\",\"target\":[\"https:\/\/colegiolasalle.edu.mx\/preescolar\/psicopedagogia\/\"]}]},{\"@type\":\"BreadcrumbList\",\"@id\":\"https:\/\/colegiolasalle.edu.mx\/preescolar\/psicopedagogia\/#breadcrumb\",\"itemListElement\":[{\"@type\":\"ListItem\",\"position\":1,\"name\":\"Home\",\"item\":\"https:\/\/colegiolasalle.edu.mx\/preescolar\/\"},{\"@type\":\"ListItem\",\"position\":2,\"name\":\"Psicopedagog\u00eda\"}]},{\"@type\":\"WebSite\",\"@id\":\"https:\/\/colegiolasalle.edu.mx\/preescolar\/#website\",\"url\":\"https:\/\/colegiolasalle.edu.mx\/preescolar\/\",\"name\":\"Colegio La Salle de seglares PREESCOLAR\",\"description\":\"\",\"potentialAction\":[{\"@type\":\"SearchAction\",\"target\":{\"@type\":\"EntryPoint\",\"urlTemplate\":\"https:\/\/colegiolasalle.edu.mx\/preescolar\/?s={search_term_string}\"},\"query-input\":{\"@type\":\"PropertyValueSpecification\",\"valueRequired\":true,\"valueName\":\"search_term_string\"}}],\"inLanguage\":\"es\"}]}<\/script>\n<!-- \/ Yoast SEO Premium plugin. -->","yoast_head_json":{"title":"Psicopedagog\u00eda - Colegio La Salle de seglares PREESCOLAR","robots":{"index":"index","follow":"follow","max-snippet":"max-snippet:-1","max-image-preview":"max-image-preview:large","max-video-preview":"max-video-preview:-1"},"canonical":"https:\/\/colegiolasalle.edu.mx\/preescolar\/psicopedagogia\/","og_locale":"es_MX","og_type":"article","og_title":"Psicopedagog\u00eda","og_url":"https:\/\/colegiolasalle.edu.mx\/preescolar\/psicopedagogia\/","og_site_name":"Colegio La Salle de seglares PREESCOLAR","article_modified_time":"2024-01-24T21:23:26+00:00","twitter_card":"summary_large_image","twitter_misc":{"Tiempo de lectura":"6 minutos"},"schema":{"@context":"https:\/\/schema.org","@graph":[{"@type":"WebPage","@id":"https:\/\/colegiolasalle.edu.mx\/preescolar\/psicopedagogia\/","url":"https:\/\/colegiolasalle.edu.mx\/preescolar\/psicopedagogia\/","name":"Psicopedagog\u00eda - Colegio La Salle de seglares PREESCOLAR","isPartOf":{"@id":"https:\/\/colegiolasalle.edu.mx\/preescolar\/#website"},"datePublished":"2020-02-14T06:55:41+00:00","dateModified":"2024-01-24T21:23:26+00:00","breadcrumb":{"@id":"https:\/\/colegiolasalle.edu.mx\/preescolar\/psicopedagogia\/#breadcrumb"},"inLanguage":"es","potentialAction":[{"@type":"ReadAction","target":["https:\/\/colegiolasalle.edu.mx\/preescolar\/psicopedagogia\/"]}]},{"@type":"BreadcrumbList","@id":"https:\/\/colegiolasalle.edu.mx\/preescolar\/psicopedagogia\/#breadcrumb","itemListElement":[{"@type":"ListItem","position":1,"name":"Home","item":"https:\/\/colegiolasalle.edu.mx\/preescolar\/"},{"@type":"ListItem","position":2,"name":"Psicopedagog\u00eda"}]},{"@type":"WebSite","@id":"https:\/\/colegiolasalle.edu.mx\/preescolar\/#website","url":"https:\/\/colegiolasalle.edu.mx\/preescolar\/","name":"Colegio La Salle de seglares PREESCOLAR","description":"","potentialAction":[{"@type":"SearchAction","target":{"@type":"EntryPoint","urlTemplate":"https:\/\/colegiolasalle.edu.mx\/preescolar\/?s={search_term_string}"},"query-input":{"@type":"PropertyValueSpecification","valueRequired":true,"valueName":"search_term_string"}}],"inLanguage":"es"}]}},"_links":{"self":[{"href":"https:\/\/colegiolasalle.edu.mx\/preescolar\/wp-json\/wp\/v2\/pages\/16","targetHints":{"allow":["GET"]}}],"collection":[{"href":"https:\/\/colegiolasalle.edu.mx\/preescolar\/wp-json\/wp\/v2\/pages"}],"about":[{"href":"https:\/\/colegiolasalle.edu.mx\/preescolar\/wp-json\/wp\/v2\/types\/page"}],"author":[{"embeddable":true,"href":"https:\/\/colegiolasalle.edu.mx\/preescolar\/wp-json\/wp\/v2\/users\/1"}],"replies":[{"embeddable":true,"href":"https:\/\/colegiolasalle.edu.mx\/preescolar\/wp-json\/wp\/v2\/comments?post=16"}],"version-history":[{"count":1,"href":"https:\/\/colegiolasalle.edu.mx\/preescolar\/wp-json\/wp\/v2\/pages\/16\/revisions"}],"predecessor-version":[{"id":1355,"href":"https:\/\/colegiolasalle.edu.mx\/preescolar\/wp-json\/wp\/v2\/pages\/16\/revisions\/1355"}],"wp:attachment":[{"href":"https:\/\/colegiolasalle.edu.mx\/preescolar\/wp-json\/wp\/v2\/media?parent=16"}],"curies":[{"name":"wp","href":"https:\/\/api.w.org\/{rel}","templated":true}]}}